 the prime factors of 26617433?
26617433
List the prime factors of 825047579.
43, 19187153
What are the prime factors of 1239332955?
3, 5, 7, 11803171
What are the prime factors of 3900604938?
2, 3, 5233, 124231
What are the prime factors of 59794499?
643, 92993
What are the prime factors of 150319569?
3, 761, 65843
What are the prime factors of 856584736?
2, 7, 1459, 2621
What are the prime factors of 2630890366?
2, 13, 19, 5325689
List the prime factors of 102808251.
3, 7, 13, 41843
What are the prime factors of 468658779?
3, 137, 1140289
List the prime factors of 39099467.
11, 433, 8209
List the prime factors of 56039417.
7, 19, 421349
List the prime factors of 99765050.
2, 5, 7, 11, 25913
List the prime factors of 178158045.
3, 5, 13, 17, 223, 241
List the prime factors of 843735453.
3, 11, 25567741
What are the prime factors of 146541930?
2, 3, 5, 29, 179, 941
List the prime factors of 699819902.
2, 73, 211, 22717
What are the prime factors of 441458580?
2, 3, 5, 7357643
What are the prime factors of 77637169?
1783, 43543
List the prime factors of 177388313.
19, 1289, 7243
What are the prime factors of 49549159?
11, 971, 4639
List the prime factors of 2536540106.
2, 37, 97, 313, 1129
What are the prime factors of 828341563?
7, 118334509
List the prime factors of 107610204.
2, 3, 13, 17, 40577
What are the prime factors of 1790536364?
2, 19, 23559689
List the prime factors of 87827752.
2, 149, 73681
What are the prime factors of 1736783701?
1583, 1097147
What are the prime factors of 1977391277?
839, 2356843
List the prime factors of 230216642.
2, 1399, 82279
What are the prime factors of 4342786158?
2, 3, 2153, 336181
List the prime factors of 1084541872.
2, 43, 359, 4391
What are the prime factors of 105207724?
2, 37, 710863
List the prime factors of 67218437.
11, 13, 470059
What are the prime factors of 28914597?
3, 613, 1747
What are the prime factors of 14164683?
3, 13, 251, 1447
What are the prime factors of 3085004472?
2, 3, 11, 149, 78427
List the prime factors of 343487006.
2, 17, 31, 325889
List the prime factors of 1634731.
7, 43, 5431
What are the prime factors of 54720225?
3, 5, 7, 37, 313
List the prime factors of 220416378.
2, 3, 7, 13, 19, 21247
List the prime factors of 221273435.
5, 83, 533189
List the prime factors of 103312544.
2, 3228517
What are the prime factors of 33242473?
11, 3022043
What are the prime factors of 1431477226?
2, 715738613
What are the prime factors of 720121339?
7, 89, 269, 4297
List the prime factors of 136631959.
136631959
List the prime factors of 783874127.
19, 41256533
What are the prime factors of 4559460483?
3, 67, 227, 99929
List the prime factors of 17302919.
2803, 6173
List the prime factors of 458888538.
2, 3, 76481423
List the prime factors of 219652221.
3, 59, 1240973
List the prime factors of 732941909.
7, 5737, 18251
What are the prime factors of 238855789?
53, 79, 57047
List the prime factors of 41887598.
2, 20943799
What are the prime factors of 166438867?
7, 821, 28961
What are the prime factors of 3741364941?
3, 43, 109, 266081
List the prime factors of 90468522.
2, 3, 23, 3167
What are the prime factors of 67204736?
2, 47, 11171
List the prime factors of 109164083.
7, 241, 64709
What are the prime factors of 27238395?
3, 5, 29, 62617
What are the prime factors of 1401765867?
3, 431, 361373
List the prime factors of 73665181.
293, 251417
List the prime factors of 165040130.
2, 5, 307, 53759
List the prime factors of 948648845.
5, 97, 1955977
List the prime factors of 410529981.
3, 659, 207653
List the prime factors of 2121027019.
19, 3947, 28283
What are the prime factors of 2616418580?
2, 5, 1439, 90911
What are the prime factors of 29925345?
3, 5, 1995023
What are the prime factors of 255681088?
2, 13, 17, 18077
What are the prime factors of 41142278?
2, 17, 1210067
List the prime factors of 27578330.
2, 5, 13, 212141
What are the prime factors of 1548432482?
2, 5501, 140741
What are the prime factors of 1615078179?
3, 11, 13, 29, 109, 397
What are the prime factors of 295021656?
2, 3, 191, 7151
What are the prime factors of 40506366?
2, 3, 19, 18701
What are the prime factors of 40668583?
43, 47, 20123
What are the prime factors of 2692236144?
2, 3, 13, 17, 14929
List the prime factors of 695169064.
2, 2089, 41597
List the prime factors of 615671236.
2, 47, 3274847
List the prime factors of 329956335.
3, 5, 90523
List the prime factors of 42361192.
2, 43, 123143
List the prime factors of 40805464.
2, 7, 19, 38351
What are the prime factors of 893988870?
2, 3, 5, 191, 156019
What are the prime factors of 3742555405?
5, 4001, 187081
List the prime factors of 182431046.
2, 7, 17, 19, 40343
List the prime factors of 30416439.
3, 10138813
List the prime factors of 127000000.
2, 5, 127
List the prime factors of 942580095.
3, 5, 1019, 61667
List the prime factors of 166035441.
3, 11, 13, 83, 4663
What are the prime factors of 78076376?
2, 7, 17, 82013
What are the prime factors of 572198097?
3, 190732699
What are the prime factors of 753104064?
2, 3, 19, 43, 4801
What are the prime factors of 50175225?
3, 5, 269, 829
What are the prime factors of 40368573?
3, 7, 640771
What are the prime factors of 313638689?
7, 13, 43, 80153
List the prime factors of 230379047.
19, 967, 12539
List the prime factors of 61832319.
3, 20610773
What are the prime factors of 328020237?
3, 19, 1918247
What are the prime factors of 82596103?
3221, 25643
What are the prime factors of 4776449750?
2, 5, 97, 431, 457
List the prime factors of 2581740202.
2, 23, 31, 1810477
List the prime factors of 798661213.
7, 193, 591163
What are the prime factors of 810130465?
5, 162026093
List the prime factors of 49495848.
2, 3, 67, 30781
What are the prime factors of 80018975?
5, 19, 29, 37, 157
What are the prime factors of 488889553?
17, 67, 429227
What are the prime factors of 1121576322?
2, 3, 47, 503, 7907
What are the prime factors of 345390831?
3, 12792253
List the prime factors of 331601453.
71, 107, 43649
What are the prime factors of 720097665?
3, 5, 7, 89, 251, 307
What are the prime factors of 30318435?
3, 5, 7, 32083
What are the prime factors of 165673497?
3, 11, 41, 122449
What are the prime factors of 141049616?
2, 19, 23, 20173
What are the prime factors of 167945522?
2, 19, 151, 29269
What are the prime factors of 124406074?
2, 13, 179, 26731
List the prime factors of 769409327.
277, 2777651
What are the prime factors of 30451806?
2, 3, 7, 11, 127, 173
What are the prime factors of 84542867?
7583, 11149
List the prime factors of 352832975.
5, 11, 116639
What are the prime factors of 258862718?
2, 129431359
What are the prime factors of 77036230?
2, 5, 179, 43037
List the prime factors of 91121113.
103, 443, 1997
What are the prime factors of 393505657?
1181, 333197
What are the prime factors of 1889957686?
2, 944978843
What are the prime factors of 86493144?
2, 3, 17, 239, 887
List the prime factors of 5551349274.
2, 3, 1609, 191677
List the prime factors of 33046500.
2, 3, 5, 22031
List the prime factors of 69892321.
17, 31, 132623
What are the prime factors of 176220581?
176220581
What are the prime factors of 54460209?
3, 1483, 12241
What are the prime factors of 48163132?
2, 751, 16033
List the prime factors of 138879892.
2, 19, 1827367
List the prime factors of 189948684.
2, 3, 17, 199, 4679
List the prime factors of 27954588.
2, 3, 2329549
What are the prime factors of 289490739?
3, 17, 293, 19373
List the prime factors of 5477151045.
3, 5, 3539, 103177
What are the prime factors of 807447917?
31, 173, 150559
List the prime factors of 1332967101.
3, 1069, 415643
What are the prime factors of 70644704?
2, 13, 13063
List the prime factors of 1873544214.
2, 3, 10427, 29947
List the prime factors of 298143728.
2, 18633983
What are the prime factors of 596830307?
103, 5794469
What are the prime factors of 1105644759?
3, 17, 21679309
What are the prime factors of 469327645?
5, 19, 4940291
What are the prime factors of 192357832?
2, 23, 1045423
List the prime factors of 31625695.
5, 17, 372067
What are the prime factors of 45391097?
45391097
List the prime factors of 1658115.
3, 5, 36847
What are the prime factors of 603863753?
603863753
List the prime factors of 61632723.
3, 20544241
List the prime